 w?
10
Let o = 86 + -53. Let c be (o - (-1 + 1 - 1)) + 2. What is the highest common factor of c and 36?
36
Suppose 5*c = -5*k + 335, -3*c + 222 = -3*k + 27. Let x be (-11)/(c/(-20))*24/10. Calculate the greatest common divisor of 20 and x.
4
Suppose 7*m - 84 = 3*m. Let f(u) = -u**2 + 21*u + 12. Let q be f(m). Calculate the highest common factor of q and 12.
12
Let o = 263 - 125. Suppose 3*s + 5*y - 135 = 0, 3*y + o = 3*s + 7*y. Calculate the highest common divisor of s and 125.
25
Let j(f) = 10*f + 121. Let g be j(18). Calculate the greatest common divisor of 7 and g.
7
Suppose 0 = 96*i - 97*i - 3*b + 58, 4*i + 4*b - 192 = 0. Calculate the highest common factor of i and 1849.
43
Suppose -40*q + 50*q - 200 = 0. Calculate the greatest common divisor of 1300 and q.
20
Let f(c) = -2*c**2 + 6*c - 10. Let z = 31 - 25. Let n be f(z). Let w = -37 - n. What is the greatest common divisor of 6 and w?
3
Let y be 1 - (4/(-9) - 47866/234). What is the greatest common divisor of 1133 and y?
103
Let t be 2/(-6)*3 + 221 - -5. Calculate the highest common divisor of t and 18.
9
Suppose 4*u = 2*c, c = 3*u - 5 + 3. Suppose -3*a + u + 40 = 0. Calculate the greatest common factor of 70 and a.
14
Let j = 33 - 47. Let t be ((-6)/(-4))/((-1)/j). Let m = -5672 - -5735. Calculate the highest common divisor of m and t.
21
Let d = 189 + -180. Calculate the highest common divisor of 15 and d.
3
Let a(p) = -2*p**2 + 49*p - 75. Let n be a(15). Calculate the greatest common divisor of n and 735.
105
Suppose 0 = -4*j + 4*o + 56, -5*o = 4*j - o - 64. Let g = -38 - -68. Calculate the highest common factor of j and g.
15
Let c = -353 - -244. Let r = -100 - c. Calculate the highest common divisor of r and 63.
9
Let f(r) = -27*r - 56. Let o(q) = 55*q + 111. Let t(a) = 5*f(a) + 2*o(a). Let l be t(-7). Calculate the highest common factor of 13 and l.
13
Suppose 0 = -5*q + 5*r + 975, 0 = -5*q - 3*r - 135 + 1094. Suppose 4*j - q = 275. What is the greatest common factor of 9 and j?
9
Suppose j + 3*j - 35 = -k, 0 = -j + 2*k + 2. What is the highest common divisor of j and 88?
8
Suppose 10*d - 9*d + w - 178 = 0, -4*w = -12. Calculate the greatest common factor of d and 25.
25
Let o(d) = 30*d + 1. Let h be o(4). Let i = -40 - -51. What is the highest common factor of i and h?
11
Let n = 92 + -64. Suppose -5*g - 3*x + 983 = -2*x, 4*g = -5*x + 799. What is the highest common factor of g and n?
28
Let t(h) = 3*h - 9. Let q be t(-2). Let g be 2 + q/5 - 146/(-2). What is the highest common divisor of 9 and g?
9
Suppose i + 4*u - 7*u - 255 = 0, 0 = 5*u + 20. Calculate the greatest common divisor of 648 and i.
81
Let i be (26/52)/(2/92). Let u = -3 + 7. Suppose 7*h - u*h - 276 = 0. Calculate the greatest common factor of h and i.
23
Suppose -17*r + 11*r = -576. Calculate the highest common divisor of 144 and r.
48
Suppose 0 = 45*u - 7860 + 435. What is the highest common factor of 363 and u?
33
Let z(l) = 19*l**2 + l - 8. Let b be z(-3). Suppose 60*f + b = 64*f. What is the highest common factor of 320 and f?
40
Let c(d) = 17*d**2 - 13*d + 72. Let l be c(5). Calculate the highest common divisor of l and 48.
48
Let t = -36 - -39. Suppose -3*u - 4*a + 152 = 0, -4*u - u + 225 = a. Suppose -t*p = -p - u. Calculate the greatest common divisor of p and 22.
22
Suppose -d + 5*h = 2*d - 27, -4*h = 12. Calculate the highest common divisor of 20 and d.
4
Suppose -42 = -2*l - 10. Suppose 10 = -21*q + l*q. Let h be (-27)/12*2*q. What is the highest common factor of 36 and h?
9
Let f(z) = 18*z**3 - z**2 + 2*z + 4. Let r be f(3). Suppose 4*q - 1197 - r = 0. Suppose 0 = -5*t + 219 + q. Calculate the greatest common factor of 16 and t.
16
Suppose -4*j - 4*f = -8, 2 = -j - 4*f - 8. Suppose 24 + j = 2*a. Let n be -6*5/(7 + -8). What is the greatest common factor of a and n?
15
Let w = 127 - 55. Let m = -24 + w. Let q = -61 - -73. Calculate the highest common divisor of m and q.
12
Let u = 135 + -79. Let w = 17297 + -17289. What is the greatest common divisor of w and u?
8
Suppose 0 = -2*v - 3*p + 77, -3*p + 2 = -5*p. Suppose 5*c + 0*c = 45. Let g be (c/3)/((-3)/(-10)). What is the highest common divisor of g and v?
10
Let v = -256 - -487. Suppose -5*x + 22 = d, -7*d - x = -2*d - 14. Suppose 6 = d*h, -4*j - j + h + 102 = 0. What is the highest common divisor of j and v?
21
Let k be (-2)/(-4)*(7 - 1). Suppose 4*y - y + k*r = 33, -2*r = 3*y - 35. Suppose 3*i = -159 + 432. What is the highest common factor of i and y?
13
Suppose 2*j + 148 = 4*c, 2*j - 34 = 2*c - 106. Suppose -s + 3*l + 16 = 0, 5*s + l - 2*l = c. Calculate the highest common factor of 28 and s.
7
Suppose -5*r = 3*l, -3*l = r - 0*r. Suppose r = -4*o + 48. Let x be (243/(-21) + 3)/((-1)/7). What is the greatest common divisor of o and x?
12
Let p(g) = 4*g**2 + 5*g - 50. Let m be p(-13). Calculate the greatest common divisor of m and 17.
17
Let v be (-1 - -2)*(-17 - -199). What is the highest common factor of v and 130?
26
Let w(y) = -5*y - 13. Let s be w(-9). Suppose -3*j - 7*l = -2*l - s, -3*l = 6. What is the highest common factor of j and 7?
7
Let v = 261 + -235. Calculate the greatest common factor of 1222 and v.
26
Suppose -7 - 3 = p. Let m(c) = -7 - 3*c - c**2 - 2*c - 6*c. Let n be m(p). Calculate the highest common factor of 3 and n.
3
Suppose -39*j = -21*j - 594. What is the highest common factor of j and 308?
11
Let r = 19 - 10. Suppose -5*o + 237 = 4*d - 30, 2*d = -2*o + 132. What is the greatest common factor of r and d?
9
Suppose -n - 63 = -b, 210 = 5*b + n - 111. What is the greatest common divisor of b and 20?
4
Let k be (-1 + -2)*(2 - 3). Suppose 2*l + 5*x = 95, -163 = -4*l - 4*x + k*x. Suppose 4*n = -15 + 55. What is the highest common divisor of n and l?
10
Suppose -y + 59 + 1 = 0. Suppose -6 = -5*t - 1. Suppose 49 - t = 4*a. What is the greatest common factor of y and a?
12
Suppose 16*t - 53*t = -19573. Calculate the greatest common factor of t and 46.
23
Suppose -5*p - 37 = -187. Calculate the highest common factor of 20 and p.
10
Suppose -4 = -4*l, 3*w + 3*l + 2*l = -73. Let x = 34 + w. Calculate the highest common divisor of 64 and x.
8
Suppose 6*y = 4*y - 2*j + 8, -4*j = 0. Let a(g) = -g**3 - 2*g**2 + 126*g - 32. Let s be a(10). What is the greatest common divisor of y and s?
4
Suppose 1047 = 16*z - 9. Calculate the greatest common divisor of z and 22.
22
Suppose 0 = -4*l + 9 - 1. Let f = 4 + -2. What is the greatest common factor of l and f?
2
Let v(g) = -7*g**3 - 4*g**2 + 11*g + 21. Let a be v(-5). What is the greatest common factor of a and 57?
57
Let g(j) = 2*j**3 + 29*j**2 + 24*j + 37. Let k be g(-11). What is the highest common divisor of 20 and k?
20
Let j(y) = 197*y**2 + 1. Let x be j(1). What is the highest common factor of 264 and x?
66
Let n be (-252)/112*80/6*-1. What is the greatest common divisor of n and 210?
30
Let p be 40/(-30)*6*20/(-16). Let w(c) = c**2 + 2*c. Let z be w(2). Let q be 20/z + 2/(-4). Calculate the highest common divisor of p and q.
2
Let o(t) = -133*t + 48. Let z be o(0). Let w(h) = h**2 + h + 32. Let r be w(0). What is the greatest common divisor of r and z?
16
Let z be ((-2)/(-5))/(135/108675). Calculate the highest common divisor of z and 112.
14
Let o(c) be the third derivative of -5*c**4/24 - 2*c**3/3 - 2*c**2. Let k be o(-4). What is the greatest common factor of k and 16?
16
Suppose d = -6*x + 3*x + 59, -x - 262 = -4*d. Calculate the greatest common divisor of 45 and d.
5
Let f = 37 + -34. Let y(x) = x**2 + 4*x - 8. Let o be y(-6). Suppose f*i + o*w = 80, -4*w + 80 = 2*i + 24. What is the greatest common divisor of 36 and i?
12
Suppose h = -g + 3*h + 62, 5*g = 5*h + 320. Suppose -4*p + 3*k = -182, -4*k + 26 = -p + 78. What is the highest common divisor of p and g?
22
Let r be (2/(20/(-6)))/(1/(-20)). Let k(s) = -s**3 + 9*s**2 + 39*s - 12. Let b be k(r). Calculate the greatest common factor of 16 and b.
8
Suppose 5*n = -3*p - 22, -3*n + n + 5*p = 15. Let x = 28 + n. Calculate the greatest common factor of 92 and x.
23
Let l be 6/9*(-45)/(-6). Suppose -62*s = -57*s - 25. Calculate the greatest common divisor of l and s.
5
Suppose 9*k = 7*k + 30. Let n = 15 - k. Suppose 5*i - 8 = -23, -m + 5*i + 29 = n. Calculate the greatest common divisor of m and 35.
7
Let h(p) = -13*p - 26. Let b be h